ivisor of 10 and 13085?
5
What is the highest common factor of 94536 and 576?
72
Calculate the greatest common factor of 1495432 and 4280.
856
What is the highest common divisor of 626743 and 148?
37
Calculate the greatest common factor of 26158 and 7626.
82
Calculate the highest common divisor of 1278529 and 19.
19
What is the highest common factor of 39 and 851227?
13
What is the highest common factor of 158139 and 243?
27
What is the greatest common divisor of 349110 and 12960?
810
Calculate the highest common divisor of 87274 and 33.
11
Calculate the highest common divisor of 124 and 1309316.
124
What is the highest common divisor of 301 and 310933?
301
What is the highest common factor of 959256 and 288?
72
What is the greatest common divisor of 212219 and 1281?
427
Calculate the highest common divisor of 1888 and 1475.
59
Calculate the greatest common divisor of 3584 and 308.
28
What is the highest common divisor of 306 and 3638?
34
What is the greatest common factor of 2128 and 3500?
28
Calculate the greatest common divisor of 10880 and 1870.
170
Calculate the greatest common divisor of 2037 and 12075.
21
Calculate the highest common factor of 171241 and 56.
7
Calculate the greatest common divisor of 23583 and 21.
21
What is the greatest common divisor of 1904818 and 978?
326
What is the highest common divisor of 69598 and 230?
46
Calculate the greatest common factor of 7414869 and 693.
231
Calculate the greatest common divisor of 612 and 3893.
17
Calculate the greatest common divisor of 11 and 325600.
11
What is the greatest common factor of 339093 and 27?
27
What is the highest common factor of 296293 and 986?
493
What is the greatest common factor of 3259224 and 9?
9
Calculate the greatest common factor of 6696 and 51057.
837
Calculate the greatest common factor of 442 and 2080.
26
What is the highest common factor of 79 and 221516?
79
What is the greatest common factor of 4 and 1311722?
2
Calculate the greatest common divisor of 201 and 11837895.
201
Calculate the greatest common divisor of 211194 and 45.
9
Calculate the highest common factor of 4632 and 55272.
24
Calculate the greatest common divisor of 304 and 629014.
38
Calculate the highest common divisor of 5194 and 784.
98
What is the greatest common divisor of 2048 and 1456?
16
What is the greatest common divisor of 2930 and 4890?
10
Calculate the highest common divisor of 674571 and 639.
213
What is the highest common factor of 739475 and 1925?
275
What is the highest common divisor of 275 and 41725?
25
What is the highest common factor of 197 and 32658463?
197
Calculate the greatest common factor of 3 and 44193.
3
What is the highest common divisor of 1960937 and 89?
89
Calculate the highest common factor of 71115 and 495.
165
What is the greatest common factor of 282 and 395223?
141
Calculate the highest common divisor of 483 and 1113.
21
What is the greatest common factor of 1073 and 85057?
29
What is the greatest common divisor of 19020 and 375?
15
What is the greatest common divisor of 1062996 and 132?
132
Calculate the highest common factor of 783372 and 3492.
1164
What is the highest common divisor of 15 and 3819835?
5
What is the highest common factor of 180 and 32280?
60
What is the greatest common divisor of 474 and 40448?
158
What is the greatest common divisor of 420 and 681870?
210
Calculate the highest common divisor of 21 and 993.
3
What is the greatest common divisor of 20358 and 986?
58
Calculate the highest common factor of 45305 and 1404.
13
What is the greatest common divisor of 145522 and 2262?
754
What is the highest common divisor of 177 and 615311?
59
Calculate the highest common factor of 39 and 99039.
3
What is the greatest common divisor of 6966 and 567?
81
What is the highest common divisor of 12545 and 90220?
65
What is the highest common divisor of 1564 and 374?
34
What is the highest common divisor of 2 and 754?
2
Calculate the highest common divisor of 34 and 8930134.
34
Calculate the greatest common divisor of 69 and 14241.
3
Calculate the highest common factor of 645 and 795.
15
Calculate the greatest common factor of 1 and 464687.
1
Calculate the highest common factor of 6633 and 15276.
201
Calculate the highest common factor of 50 and 196975.
25
Calculate the greatest common factor of 808 and 213716.
404
Calculate the greatest common divisor of 6917268 and 12.
12
What is the greatest common divisor of 12 and 253308?
12
Calculate the highest common factor of 596 and 73159.
149
Calculate the greatest common divisor of 131487 and 123.
123
Calculate the greatest common factor of 126 and 38997.
63
Calculate the highest common divisor of 619 and 557719.
619
What is the greatest common divisor of 21879 and 605?
11
Calculate the greatest common divisor of 140550 and 2550.
150
What is the highest common factor of 576 and 469056?
192
Calculate the highest common divisor of 125739 and 513.
27
Calculate the highest common factor of 39250 and 13000.
250
What is the highest common divisor of 493 and 7939?
17
What is the greatest common factor of 8950 and 800?
50
What is the highest common divisor of 126692 and 38?
38
Calculate the highest common factor of 110 and 11385.
55
What is the highest common factor of 4575 and 215625?
75
Calculate the highest common divisor of 298592 and 84.
28
Calculate the greatest common divisor of 47658 and 22646.
338
Calculate the greatest common divisor of 114 and 4131417.
57
What is the highest common divisor of 7588 and 448?
28
Calculate the highest common factor of 712 and 72446.
178
Calculate the highest common divisor of 749 and 20651.
107
Calculate the highest common divisor of 25568 and 510.
34
What is the greatest common factor of 90 and 100125?
45
Calculate the highest common factor of 3977 and 194.
97
Calculate the highest common factor of 40 and 8031120.
40
What is the highest common factor of 23803 and 52?
13
Calculate the highest common factor of 28800 and 550.
50
Calculate the highest common factor of 864788 and 412.
412
Calculate the highest common divisor of 6200 and 850.
50
What is the highest common factor of 4143754 and 482?
482
What is the greatest common divisor of 250768 and 28?
28
Calculate the highest common divisor of 47285 and 315.
35
Calculate the highest common divisor of 38 and 41211.
19
Calculate the greatest common factor of 165651 and 12.
3
Calculate the highest common factor of 67320 and 385.
55
Calculate the highest common divisor of 405 and 58185.
135
What is the greatest common divisor of 56 and 376754?
14
What is the greatest common factor of 12168 and 9408?
24
Calculate the greatest common divisor of 10352 and 94462.
1294
What is the highest common divisor of 31622 and 489?
163
Calculate the greatest common divisor of 243 and 3537.
27
Calculate the highest common divisor of 7050 and 1833.
141
What is the highest common divisor of 5432 and 190508?
388
What is the highest common divisor of 103487 and 1?
1
Calculate the highest common divisor of 702 and 165024.
54
What is the highest common factor of 137682 and 90?
18
What is the highest common factor of 198 and 337392?
198
What is the highest common factor of 227160 and 360?
360
Calculate the greatest common divisor of 30069 and 26.
13
What is the greatest common divisor of 180057 and 141?
141
Calculate the greatest common divisor of 84938 and 14.
14
What is the highest common divisor of 420 and 5628840?
420
What is the greatest common divisor of 1709771 and 7?
7
Calculate the highest common divisor of 10 and 15750.
10
Calculate the highest common factor of 444 and 1488.
12
Calculate the greatest common divisor of 204 and 23511.
51
Calculate the highest common factor of 72 and 198642.
6
Calculate the highest common factor of 2453808 and 105.
21
What is the highest common divisor of 10 and 6900?
10
What is the greatest common factor of 104189 and 172?
43
What is the greatest common divisor of 64675 and 1625?
325
What is the highest common factor of 354 and 1974258?
354
What is the greatest common factor of 203343 and 989?
23
Calculate the highest common factor of 197418 and 156.
78
Calculate the highest common divisor of 425 and 338079.
17
Calculate the highest common divisor of 883848 and 336.
168
Calculate the greatest common divis